{"id":1710,"date":"2026-02-06T20:19:01","date_gmt":"2026-02-06T20:19:01","guid":{"rendered":"https:\/\/mayargan.com\/index.php\/about-theme\/"},"modified":"2026-02-20T11:41:05","modified_gmt":"2026-02-20T11:41:05","slug":"notre-histoire","status":"publish","type":"page","link":"https:\/\/mayargan.com\/index.php\/notre-histoire\/","title":{"rendered":"Notre histoire"},"content":{"rendered":"\n<figure class=\"wp-block-pullquote has-montserrat-font-family\"><blockquote><p><strong><strong>UNE HISTOIRE N\u00c9E DE L\u2019AMOUR D\u2019UNE M\u00c8RE POUR SA FILLE<\/strong><\/strong><\/p><cite>Soumaya<\/cite><\/blockquote><\/figure>\n\n\n\n<div class=\"wp-block-media-text is-stacked-on-mobile\" style=\"grid-template-columns:41% auto\"><figure class=\"wp-block-media-text__media\"><img fetchpriority=\"high\" decoding=\"async\" width=\"683\" height=\"1024\" src=\"https:\/\/mayargan.com\/wp-content\/uploads\/2026\/02\/fille-et-mere-683x1024.png\" alt=\"photo m\u00e8re &amp; fille\" class=\"wp-image-1731 size-full\" srcset=\"https:\/\/mayargan.com\/wp-content\/uploads\/2026\/02\/fille-et-mere-683x1024.png 683w, https:\/\/mayargan.com\/wp-content\/uploads\/2026\/02\/fille-et-mere-200x300.png 200w, https:\/\/mayargan.com\/wp-content\/uploads\/2026\/02\/fille-et-mere-768x1152.png 768w, https:\/\/mayargan.com\/wp-content\/uploads\/2026\/02\/fille-et-mere-600x900.png 600w, https:\/\/mayargan.com\/wp-content\/uploads\/2026\/02\/fille-et-mere.png 1024w\" sizes=\"(max-width: 683px) 100vw, 683px\" \/><\/figure><div class=\"wp-block-media-text__content\">\n<p class=\"has-montserrat-font-family has-superbfont-xsmall-font-size\">L\u2019histoire de Mayargan commence par un geste simple : vouloir le meilleur pour sa fille. Chaque formule a \u00e9t\u00e9 pens\u00e9e avec la m\u00eame exigence que celle d\u2019un soin destin\u00e9 \u00e0 un \u00eatre cher, en s\u00e9lectionnant des ingr\u00e9dients nobles et naturels, adapt\u00e9s \u00e0 tous les types de cheveux.<\/p>\n\n\n\n<p class=\"has-montserrat-font-family has-superbfont-xsmall-font-size\">Mayargan est n\u00e9e de cette volont\u00e9 profonde de proposer des soins capillaires de premier choix, inspir\u00e9s par la nature et port\u00e9s par une expertise pharmaceutique.<\/p>\n<\/div><\/div>\n\n\n\n<figure class=\"wp-block-pullquote\"><blockquote><p><strong>L\u2019huile d\u2019argan \u2014 Un tr\u00e9sor ancestral du Maroc<\/strong><br><\/p><cite>Mayargan<\/cite><\/blockquote><\/figure>\n\n\n\n<details class=\"wp-block-details is-layout-flow wp-block-details-is-layout-flow\"><summary>L&rsquo;histoire de l&rsquo;huile d&rsquo;argan<\/summary>\n<p>Utilis\u00e9e depuis des si\u00e8cles par les femmes berb\u00e8res, l\u2019huile d\u2019argan est reconnue pour ses propri\u00e9t\u00e9s nourrissantes, protectrices et r\u00e9paratrices. Lors de mes s\u00e9jours au Maroc, j\u2019ai d\u00e9couvert bien plus qu\u2019un ingr\u00e9dient : un v\u00e9ritable rituel de soin, transmis de g\u00e9n\u00e9ration en g\u00e9n\u00e9ration.<\/p>\n\n\n\n<p>Mayargan s\u2019inspire de ce rite ancestral pour offrir des soins capillaires qui subliment, nourrissent et pr\u00e9servent la chevelure, tout en respectant son \u00e9quilibre naturel<\/p>\n<\/details>\n","protected":false},"excerpt":{"rendered":"<p>UNE HISTOIRE N\u00c9E DE L\u2019AMOUR D\u2019UNE M\u00c8RE POUR SA FILLE Soumaya L\u2019histoire de Mayargan commence par un geste simple : vouloir le meilleur pour sa fille. Chaque formule a \u00e9t\u00e9 pens\u00e9e avec la m\u00eame exigence que celle d\u2019un soin destin\u00e9 \u00e0 un \u00eatre cher, en s\u00e9lectionnant des ingr\u00e9dients nobles et naturels, adapt\u00e9s \u00e0 tous les [&hellip;]<\/p>\n","protected":false},"author":1,"featured_media":0,"parent":0,"menu_order":0,"comment_status":"closed","ping_status":"closed","template":"about","meta":{"footnotes":""},"class_list":["post-1710","page","type-page","status-publish","hentry"],"yoast_head":"<!-- This site is optimized with the Yoast SEO plugin v27.0 - https:\/\/yoast.com\/product\/yoast-seo-wordpress\/ -->\n<title>Notre histoire - Mayargan<\/title>\n<meta name=\"description\" content=\"Plongez dans l\u2019histoire de Mayargan, n\u00e9e d\u2019une passion pour l\u2019huile d\u2019argan et les soins capillaires naturels.\" \/>\n<meta name=\"robots\" content=\"index, follow, max-snippet:-1, max-image-preview:large, max-video-preview:-1\" \/>\n<link rel=\"canonical\" href=\"https:\/\/mayargan.com\/index.php\/notre-histoire\/\" \/>\n<meta property=\"og:locale\" content=\"fr_FR\" \/>\n<meta property=\"og:type\" content=\"article\" \/>\n<meta property=\"og:title\" content=\"Notre histoire - Mayargan\" \/>\n<meta property=\"og:description\" content=\"Plongez dans l\u2019histoire de Mayargan, n\u00e9e d\u2019une passion pour l\u2019huile d\u2019argan et les soins capillaires naturels.\" \/>\n<meta property=\"og:url\" content=\"https:\/\/mayargan.com\/index.php\/notre-histoire\/\" \/>\n<meta property=\"og:site_name\" content=\"Mayargan\" \/>\n<meta property=\"article:modified_time\" content=\"2026-02-20T11:41:05+00:00\" \/>\n<meta property=\"og:image\" content=\"https:\/\/mayargan.com\/wp-content\/uploads\/2026\/02\/fille-et-mere-683x1024.png\" \/>\n\t<meta property=\"og:image:width\" content=\"683\" \/>\n\t<meta property=\"og:image:height\" content=\"1024\" \/>\n\t<meta property=\"og:image:type\" content=\"image\/png\" \/>\n<meta name=\"twitter:card\" content=\"summary_large_image\" \/>\n<meta name=\"twitter:label1\" content=\"Dur\u00e9e de lecture est.\" \/>\n\t<meta name=\"twitter:data1\" content=\"1 minute\" \/>\n<script type=\"application\/ld+json\" class=\"yoast-schema-graph\">{\"@context\":\"https:\/\/schema.org\",\"@graph\":[{\"@type\":\"WebPage\",\"@id\":\"https:\/\/mayargan.com\/index.php\/notre-histoire\/\",\"url\":\"https:\/\/mayargan.com\/index.php\/notre-histoire\/\",\"name\":\"Notre histoire - Mayargan\",\"isPartOf\":{\"@id\":\"https:\/\/mayargan.com\/#website\"},\"primaryImageOfPage\":{\"@id\":\"https:\/\/mayargan.com\/index.php\/notre-histoire\/#primaryimage\"},\"image\":{\"@id\":\"https:\/\/mayargan.com\/index.php\/notre-histoire\/#primaryimage\"},\"thumbnailUrl\":\"https:\/\/mayargan.com\/wp-content\/uploads\/2026\/02\/fille-et-mere-683x1024.png\",\"datePublished\":\"2026-02-06T20:19:01+00:00\",\"dateModified\":\"2026-02-20T11:41:05+00:00\",\"description\":\"Plongez dans l\u2019histoire de Mayargan, n\u00e9e d\u2019une passion pour l\u2019huile d\u2019argan et les soins capillaires naturels.\",\"breadcrumb\":{\"@id\":\"https:\/\/mayargan.com\/index.php\/notre-histoire\/#breadcrumb\"},\"inLanguage\":\"fr-BE\",\"potentialAction\":[{\"@type\":\"ReadAction\",\"target\":[\"https:\/\/mayargan.com\/index.php\/notre-histoire\/\"]}]},{\"@type\":\"ImageObject\",\"inLanguage\":\"fr-BE\",\"@id\":\"https:\/\/mayargan.com\/index.php\/notre-histoire\/#primaryimage\",\"url\":\"https:\/\/mayargan.com\/wp-content\/uploads\/2026\/02\/fille-et-mere.png\",\"contentUrl\":\"https:\/\/mayargan.com\/wp-content\/uploads\/2026\/02\/fille-et-mere.png\",\"width\":1024,\"height\":1536,\"caption\":\"photo m\u00e8re & fille\"},{\"@type\":\"BreadcrumbList\",\"@id\":\"https:\/\/mayargan.com\/index.php\/notre-histoire\/#breadcrumb\",\"itemListElement\":[{\"@type\":\"ListItem\",\"position\":1,\"name\":\"Accueil\",\"item\":\"https:\/\/mayargan.com\/\"},{\"@type\":\"ListItem\",\"position\":2,\"name\":\"Notre histoire\"}]},{\"@type\":\"WebSite\",\"@id\":\"https:\/\/mayargan.com\/#website\",\"url\":\"https:\/\/mayargan.com\/\",\"name\":\"Mayargan\",\"description\":\"\",\"publisher\":{\"@id\":\"https:\/\/mayargan.com\/#organization\"},\"potentialAction\":[{\"@type\":\"SearchAction\",\"target\":{\"@type\":\"EntryPoint\",\"urlTemplate\":\"https:\/\/mayargan.com\/?s={search_term_string}\"},\"query-input\":{\"@type\":\"PropertyValueSpecification\",\"valueRequired\":true,\"valueName\":\"search_term_string\"}}],\"inLanguage\":\"fr-BE\"},{\"@type\":\"Organization\",\"@id\":\"https:\/\/mayargan.com\/#organization\",\"name\":\"Mayargan\",\"url\":\"https:\/\/mayargan.com\/\",\"logo\":{\"@type\":\"ImageObject\",\"inLanguage\":\"fr-BE\",\"@id\":\"https:\/\/mayargan.com\/#\/schema\/logo\/image\/\",\"url\":\"https:\/\/mayargan.com\/wp-content\/uploads\/2026\/01\/WhatsApp-Image-2026-01-26-at-12.54.42-4.jpeg\",\"contentUrl\":\"https:\/\/mayargan.com\/wp-content\/uploads\/2026\/01\/WhatsApp-Image-2026-01-26-at-12.54.42-4.jpeg\",\"width\":1599,\"height\":1600,\"caption\":\"Mayargan\"},\"image\":{\"@id\":\"https:\/\/mayargan.com\/#\/schema\/logo\/image\/\"}}]}<\/script>\n<!-- \/ Yoast SEO plugin. -->","yoast_head_json":{"title":"Notre histoire - Mayargan","description":"Plongez dans l\u2019histoire de Mayargan, n\u00e9e d\u2019une passion pour l\u2019huile d\u2019argan et les soins capillaires naturels.","robots":{"index":"index","follow":"follow","max-snippet":"max-snippet:-1","max-image-preview":"max-image-preview:large","max-video-preview":"max-video-preview:-1"},"canonical":"https:\/\/mayargan.com\/index.php\/notre-histoire\/","og_locale":"fr_FR","og_type":"article","og_title":"Notre histoire - Mayargan","og_description":"Plongez dans l\u2019histoire de Mayargan, n\u00e9e d\u2019une passion pour l\u2019huile d\u2019argan et les soins capillaires naturels.","og_url":"https:\/\/mayargan.com\/index.php\/notre-histoire\/","og_site_name":"Mayargan","article_modified_time":"2026-02-20T11:41:05+00:00","og_image":[{"width":683,"height":1024,"url":"https:\/\/mayargan.com\/wp-content\/uploads\/2026\/02\/fille-et-mere-683x1024.png","type":"image\/png"}],"twitter_card":"summary_large_image","twitter_misc":{"Dur\u00e9e de lecture est.":"1 minute"},"schema":{"@context":"https:\/\/schema.org","@graph":[{"@type":"WebPage","@id":"https:\/\/mayargan.com\/index.php\/notre-histoire\/","url":"https:\/\/mayargan.com\/index.php\/notre-histoire\/","name":"Notre histoire - Mayargan","isPartOf":{"@id":"https:\/\/mayargan.com\/#website"},"primaryImageOfPage":{"@id":"https:\/\/mayargan.com\/index.php\/notre-histoire\/#primaryimage"},"image":{"@id":"https:\/\/mayargan.com\/index.php\/notre-histoire\/#primaryimage"},"thumbnailUrl":"https:\/\/mayargan.com\/wp-content\/uploads\/2026\/02\/fille-et-mere-683x1024.png","datePublished":"2026-02-06T20:19:01+00:00","dateModified":"2026-02-20T11:41:05+00:00","description":"Plongez dans l\u2019histoire de Mayargan, n\u00e9e d\u2019une passion pour l\u2019huile d\u2019argan et les soins capillaires naturels.","breadcrumb":{"@id":"https:\/\/mayargan.com\/index.php\/notre-histoire\/#breadcrumb"},"inLanguage":"fr-BE","potentialAction":[{"@type":"ReadAction","target":["https:\/\/mayargan.com\/index.php\/notre-histoire\/"]}]},{"@type":"ImageObject","inLanguage":"fr-BE","@id":"https:\/\/mayargan.com\/index.php\/notre-histoire\/#primaryimage","url":"https:\/\/mayargan.com\/wp-content\/uploads\/2026\/02\/fille-et-mere.png","contentUrl":"https:\/\/mayargan.com\/wp-content\/uploads\/2026\/02\/fille-et-mere.png","width":1024,"height":1536,"caption":"photo m\u00e8re & fille"},{"@type":"BreadcrumbList","@id":"https:\/\/mayargan.com\/index.php\/notre-histoire\/#breadcrumb","itemListElement":[{"@type":"ListItem","position":1,"name":"Accueil","item":"https:\/\/mayargan.com\/"},{"@type":"ListItem","position":2,"name":"Notre histoire"}]},{"@type":"WebSite","@id":"https:\/\/mayargan.com\/#website","url":"https:\/\/mayargan.com\/","name":"Mayargan","description":"","publisher":{"@id":"https:\/\/mayargan.com\/#organization"},"potentialAction":[{"@type":"SearchAction","target":{"@type":"EntryPoint","urlTemplate":"https:\/\/mayargan.com\/?s={search_term_string}"},"query-input":{"@type":"PropertyValueSpecification","valueRequired":true,"valueName":"search_term_string"}}],"inLanguage":"fr-BE"},{"@type":"Organization","@id":"https:\/\/mayargan.com\/#organization","name":"Mayargan","url":"https:\/\/mayargan.com\/","logo":{"@type":"ImageObject","inLanguage":"fr-BE","@id":"https:\/\/mayargan.com\/#\/schema\/logo\/image\/","url":"https:\/\/mayargan.com\/wp-content\/uploads\/2026\/01\/WhatsApp-Image-2026-01-26-at-12.54.42-4.jpeg","contentUrl":"https:\/\/mayargan.com\/wp-content\/uploads\/2026\/01\/WhatsApp-Image-2026-01-26-at-12.54.42-4.jpeg","width":1599,"height":1600,"caption":"Mayargan"},"image":{"@id":"https:\/\/mayargan.com\/#\/schema\/logo\/image\/"}}]}},"jetpack_sharing_enabled":true,"_links":{"self":[{"href":"https:\/\/mayargan.com\/index.php\/wp-json\/wp\/v2\/pages\/1710","targetHints":{"allow":["GET"]}}],"collection":[{"href":"https:\/\/mayargan.com\/index.php\/wp-json\/wp\/v2\/pages"}],"about":[{"href":"https:\/\/mayargan.com\/index.php\/wp-json\/wp\/v2\/types\/page"}],"author":[{"embeddable":true,"href":"https:\/\/mayargan.com\/index.php\/wp-json\/wp\/v2\/users\/1"}],"replies":[{"embeddable":true,"href":"https:\/\/mayargan.com\/index.php\/wp-json\/wp\/v2\/comments?post=1710"}],"version-history":[{"count":3,"href":"https:\/\/mayargan.com\/index.php\/wp-json\/wp\/v2\/pages\/1710\/revisions"}],"predecessor-version":[{"id":1745,"href":"https:\/\/mayargan.com\/index.php\/wp-json\/wp\/v2\/pages\/1710\/revisions\/1745"}],"wp:attachment":[{"href":"https:\/\/mayargan.com\/index.php\/wp-json\/wp\/v2\/media?parent=1710"}],"curies":[{"name":"wp","href":"https:\/\/api.w.org\/{rel}","templated":true}]}}